0 = 0. What is the tens digit of g?
1
Suppose -4*k + 7*k = 2*b - 27, b + 5*k - 20 = 0. Let x = 196 - b. What is the tens digit of x?
8
Let s(m) be the third derivative of 5*m**4/8 + 9*m**2. What is the units digit of s(3)?
5
Let k = -42 + 92. Let p be (-2)/(-1 + 20/25). Suppose k = 2*h - p. What is the tens digit of h?
3
Let i = 69 + 325. What is the units digit of i?
4
Suppose -m = 5*o - 22118 + 8482, 5*m = -o + 2708. What is the tens digit of o?
2
Let o = 9 + -22. Let d = o + 34. Let a = -19 + d. What is the units digit of a?
2
What is the units digit of ((-4)/12*-1)/((-1)/(-1779))?
3
Suppose -35*d + 37*d - 716 = 0. What is the tens digit of d?
5
Let i = 218 + 571. What is the units digit of i?
9
Let c = 318 - 37. Suppose 5*q - c = q + 3*p, -p - 354 = -5*q. What is the tens digit of q?
7
Let c be 4*(5 + -4) + -64. What is the tens digit of (-20)/c - (-166)/6?
2
Suppose -2*z - 2*i = -4*z + 3172, 0 = 5*z - 2*i - 7921. What is the thousands digit of z?
1
Let g(a) = a + 467. What is the hundreds digit of g(0)?
4
Suppose 6*p = 7*p + 3. What is the tens digit of 2/3 + (-109)/p?
3
Let j = -15 + 15. Let m be 5 - 10 - (-2 - j). What is the units digit of (m - 28)/(1/(-1))?
1
Let t(k) = -5*k + 27. Let l(r) = 11*r - 55. Let f(x) = 6*l(x) + 13*t(x). Let p be f(-16). Suppose 0 = p*i + 2 - 7. What is the units digit of i?
1
Let m be (-196)/(-6)*(-18)/7. Let l be (-5568)/m + (-2)/7. Suppose l = 3*t - 0*t. What is the units digit of t?
2
Suppose -37 - 42 = -z. Let y = z - 14. What is the tens digit of y?
6
Let c be 1/3 - (2 - (-35)/(-3)). Suppose -c*o + 4523 = 1403. What is the tens digit of o?
1
Let r(q) = q**2 + 5*q - 7. Suppose -5*p - 28 = 3*h, -2*p - 4 = -4*h + 28. What is the tens digit of r(p)?
1
Let k = -4433 - -7409. What is the hundreds digit of k?
9
Let x(f) = -f**2 - 12*f - 15. Let g be x(-12). Let k = -8 - g. Suppose -2*l = -k*u + 4*u - 58, 0 = l + 4*u - 7. What is the tens digit of l?
2
Let p = 34 - 91. What is the units digit of (p/(-2))/(6/20)?
5
Suppose -3*x = -9, 0 = -4*l + x - 4*x + 509. Let g = 243 - l. What is the units digit of g?
8
Let b(z) = -3*z**2 + 68*z. What is the tens digit of b(19)?
0
Suppose 4*p - 1304 = 3*p - 2*j, 2610 = 2*p + 2*j. What is the thousands digit of p?
1
Suppose 10*s + 8 = 8*s. Suppose -4 = 3*d + 2. What is the tens digit of d/(s*2/76)?
1
What is the units digit of (138/(-15) + 6)/(3/(-345))?
8
Let p = 660 + -394. What is the tens digit of p?
6
Let h be 6/21 + (-234)/(-14). Suppose h + 59 = 4*y. What is the units digit of y?
9
Let h(d) = -4*d**2 - 20*d - 12. Let g be h(-5). Let m = 63 + g. What is the units digit of m?
1
What is the hundreds digit of (-1533)/(-12) + (-1)/(-4)?
1
Suppose -5*d + 5080 = -5*v, -3147 = -4*d + 5*v + 921. What is the units digit of d?
2
Suppose 0 = 2*q + 10, 2*c - q - 35 = 44. Let u = c + -34. Suppose 3 = -5*z - 12, u*z = -2*m + 51. What is the tens digit of m?
3
Suppose -13*f + f = -41376. What is the tens digit of f?
4
Let a = 23 - 31. Let h(s) = -11*s + 25. What is the tens digit of h(a)?
1
Suppose -5*u - 801 = -2*c, 388 = -3*c - u + 1547. Suppose 0 = -3*l - l + c. What is the units digit of l?
7
Let x(v) = 3*v**2 + 3*v - 4. Let j be x(-3). Let k be 7/(j/4) - 0. What is the units digit of (8/16)/(k/12)?
3
What is the hundreds digit of ((-1278)/3)/(15/(-55))?
5
Let n = -43 - -157. Let d = n + -90. What is the tens digit of d?
2
Let g(t) = -t**3 - t**2 + 6*t + 6. Let c be g(-3). Suppose 303 - 897 = c*i. Let r = -36 - i. What is the tens digit of r?
6
Let q be (-2)/3*-6 + 0. Let h be 3*2*q/12. What is the units digit of (-1)/((-1)/34) + h?
6
Suppose -353736 = 17*d - 119*d. What is the hundreds digit of d?
4
Let r be 3/(-18)*3*-2. Let a(n) = 75*n**2 + 2*n - 1. What is the units digit of a(r)?
6
Let t(z) = z - 3. Let h be t(3). Suppose 31 = p - h*p. Suppose 0 = 5*q - p + 6. What is the units digit of q?
5
Suppose -4*o + 8272 = -5*t, 4*o + 7*t = 3*t + 8236. What is the tens digit of o?
6
Let y(s) = 4*s - 4. Let o be y(-4). Let l = 10 + 26. Let d = l + o. What is the tens digit of d?
1
Suppose -4*n + 16 - 4 = 0. Suppose -4*w - 8 = 0, 2*w + 2*w = -n*j + 232. What is the tens digit of j?
8
Let z(s) = -10*s + 14. Let p be z(-13). Suppose 4*k = p + 108. What is the tens digit of k?
6
Suppose 10 = o + o. Let h = 6 - o. What is the units digit of (-120)/(-8) + h*-3?
2
What is the units digit of -22 + 20 + 9 + 1?
8
Let p(t) = t**3 + 17*t**2 + 21*t + 18. Let s be p(-16). Let c = s - -122. What is the tens digit of c?
6
Let l(k) = k**2 + 14*k + 3. Let o be l(-8). Let x be (48/(-120))/((-2)/340). Let t = x + o. What is the units digit of t?
3
Let k = -223 - -61. Let i = 155 + -266. Let b = i - k. What is the units digit of b?
1
Let c(w) = -w**3 + 6*w**2 + 5*w + 8. Let k be 1*14/(-6)*-3. Let r be c(k). What is the units digit of (-44)/r - 16/(-24)?
8
Let g = -268 - -422. What is the units digit of g?
4
Let g(k) be the third derivative of -k**4/8 - 4*k**2. Let s be g(-2). Suppose s*q = q + 30. What is the units digit of q?
6
Suppose -2*r - 2*r = -20. Suppose 0 = r*w + 8 - 48. Suppose 5*g - 29 = 4*g + 2*d, 0 = 2*d + w. What is the units digit of g?
1
Suppose 0 = -4*b + 7 - 15, -776 = -4*l + 2*b. What is the hundreds digit of l?
1
Let k(z) = 2167*z**2 + 11*z - 11. What is the tens digit of k(1)?
6
Suppose 0 = -5*m + 4*g - 26 + 121, -2*m - g + 51 = 0. Let r = -2 + m. What is the units digit of r?
1
Let h(j) = 2*j + 3. Let b be h(3). Suppose y + 15 = 6*y - 3*o, 0 = 3*y - o - b. What is the tens digit of y/6 + (-37)/(-2)?
1
What is the hundreds digit of (-24)/30*5*19884/(-16)?
9
Suppose -45*f + 11629 = -16*f. What is the tens digit of f?
0
Suppose 9416 = -252*a + 263*a. What is the units digit of a?
6
Suppose -2*y = -4*q - 0*q + 2798, -q + 5*y = -695. Suppose -2*n - 306 = -2*p, -4*p - 2*n - 94 = -q. What is the units digit of p?
2
Suppose -3*t + 6*t + 205 = 5*w, 3*w + 3*t = 123. What is the tens digit of w/(-2)*14/(-7)?
4
Let i(d) = -14*d - 1. Let a be i(3). Suppose -3*r - 2*y - 24 = -7*y, 2*y + 40 = -5*r. Let o = r - a. What is the tens digit of o?
3
Suppose -4*r + 12 = 0, 5*r - 1385 = 4*a - 6*a. What is the hundreds digit of a?
6
Let k be (0/1)/(2/2). Suppose -5*w = -2*w + 21. Let i = k - w. What is the units digit of i?
7
Let g be -1 + (-41 - 8/(-4)). What is the units digit of (2 + 104/20)*g/(-12)?
4
Let l(g) = g - 13. Suppose -o - 3*h + 10 = 0, 11 = 3*o - 2*h - 30. Let n be l(o). What is the units digit of (2/8 + n)*124?
1
Suppose 3*t - 5 = -p, -3*p + 2*t = -p - 26. Suppose -45 = -4*n + p. What is the tens digit of (-4)/n + (-484)/(-28)?
1
Let z(k) = -2*k**3 - k**2 + k - 1. Let f(g) = g**2 + g + 1. Let q be f(0). Let p be z(q). What is the units digit of (p/3)/(1/(-1))?
1
Let y be ((-3)/4)/(12/(-32)). Let g(h) = 16*h**3 + 4*h - 3. What is the tens digit of g(y)?
3
Let g = -121 + 34. Let r = 198 + g. What is the units digit of r?
1
Let o = -128 + 241. What is the hundreds digit of o?
1
Suppose 3*l = -2*b + 163, 0 = -l - 4*b - 0*b + 41. Suppose -g + 0 = -l. What is the tens digit of g?
5
Let d = 2930 + -2008. What is the units digit of d?
2
Suppose 6*u = 3*u + 6. Suppose -u*y = -22 - 30. What is the units digit of y?
6
Suppose 2*n + 3*n + 4*h - 1449 = 0, -n = -h - 288. What is the tens digit of n?
8
Suppose 13*j = 11*j + 16. Suppose -5*p - 42 = -j*p. Suppose -4*z + p = -22. What is the units digit of z?
9
Suppose -2*c = -4*d + 7832, -12*d - c + 1958 = -11*d. What is the hundreds digit of d?
9
Let u(l) = -4*l - 6. Let v be u(3). Let q = v + 24. Suppose 3*j = q*j - 141. What is the units digit of j?
7
Suppose -5*d + 3127 = -1143. What is the hundreds digit of d?
8
Let m(a) = a**3 + 13*a**2 + a + 7. Let o be m(-13). What is the hundreds digit of (0 - 9/o)*3500/21?
2
Let s = 18 + -20. What is the units digit of 5 + (-1)/(s + 1)?
6
Let y = 1743 - 758. What is the hundreds digit of y?
9
Let v(k) = 8*k - 81. Let y be v(19). Let p = y - 70. What is the units digit of p?
1
What is the units digit of ((-179784)/11)/8*1*-1?
3
Suppose -5*u - 7 = 3. What is the units digit of (378/(-35))/(u/5) + 3?
0
What is the tens digit of (-6)/(24/(-9764)) - (0 + 1)?
4
Let l(k) = -k - 3. Let j be l(-5). Suppose x - j = 46. What is the tens digit of x?
4
Suppose -3*v + 121 = -74. Suppose -5*b + 2*n + v = -894, -5*b - 2*n + 97